198308360 is divided by 8.
0
What is the remainder when 26826366 is divided by 8942119?
9
Calculate the remainder when 55259738 is divided by 1851.
1835
What is the remainder when 2386895 is divided by 88?
71
Calculate the remainder when 372515807 is divided by 7.
6
Calculate the remainder when 40240 is divided by 13312.
304
Calculate the remainder when 1850493 is divided by 2.
1
Calculate the remainder when 288506 is divided by 471.
254
Calculate the remainder when 11334646 is divided by 1193.
1146
Calculate the remainder when 2793024 is divided by 644.
640
What is the remainder when 346330135 is divided by 259?
256
What is the remainder when 11169824 is divided by 5584904?
16
What is the remainder when 24239 is divided by 2420?
39
What is the remainder when 152601 is divided by 12700?
201
What is the remainder when 51063 is divided by 1459?
1457
What is the remainder when 130788 is divided by 890?
848
What is the remainder when 76790165 is divided by 19197535?
25
What is the remainder when 1430818 is divided by 1010?
658
Calculate the remainder when 760974 is divided by 1498.
1488
Calculate the remainder when 36510 is divided by 12128.
126
What is the remainder when 150582 is divided by 1537?
1493
What is the remainder when 43442 is divided by 55?
47
What is the remainder when 867760 is divided by 16372?
44
Calculate the remainder when 20035864 is divided by 1578.
1576
Calculate the remainder when 11663 is divided by 5359.
945
Calculate the remainder when 6968160 is divided by 5444.
5284
Calculate the remainder when 13731 is divided by 4479.
294
What is the remainder when 267964 is divided by 66951?
160
Calculate the remainder when 117250459 is divided by 32.
27
Calculate the remainder when 4773139 is divided by 1193282.
11
Calculate the remainder when 48206 is divided by 12048.
14
Calculate the remainder when 6889101 is divided by 743.
5
Calculate the remainder when 5383870 is divided by 286.
206
Calculate the remainder when 527991 is divided by 736.
279
Calculate the remainder when 1823745 is divided by 47.
4
Calculate the remainder when 77085463 is divided by 3505.
3503
What is the remainder when 1103163 is divided by 11139?
402
What is the remainder when 146327 is divided by 14052?
5807
Calculate the remainder when 1928462 is divided by 48208.
142
Calculate the remainder when 10774467 is divided by 102.
3
What is the remainder when 51101 is divided by 5089?
211
Calculate the remainder when 5154 is divided by 270.
24
Calculate the remainder when 14825 is divided by 5514.
3797
Calculate the remainder when 231692 is divided by 21.
20
Calculate the remainder when 1001971 is divided by 20448.
19
What is the remainder when 126990 is divided by 552?
30
What is the remainder when 1560258 is divided by 778721?
2816
What is the remainder when 105462 is divided by 558?
0
What is the remainder when 58722 is divided by 6471?
483
Calculate the remainder when 1311146 is divided by 25.
21
What is the remainder when 391168 is divided by 190?
148
What is the remainder when 1603214 is divided by 267194?
50
What is the remainder when 6885214 is divided by 67502?
10
Calculate the remainder when 1797261 is divided by 16046.
109
Calculate the remainder when 27464802 is divided by 92.
42
Calculate the remainder when 660403 is divided by 40.
3
Calculate the remainder when 393358 is divided by 35726.
372
Calculate the remainder when 28933291 is divided by 3273.
3244
What is the remainder when 1365363 is divided by 2107?
27
What is the remainder when 1535979 is divided by 1862?
1691
What is the remainder when 3529799 is divided by 235?
99
What is the remainder when 298232 is divided by 346?
326
Calculate the remainder when 11141000 is divided by 3.
2
What is the remainder when 323061 is divided by 240?
21
Calculate the remainder when 6036716 is divided by 14204.
16
What is the remainder when 15454 is divided by 6963?
1528
Calculate the remainder when 1086448 is divided by 1917.
1426
What is the remainder when 105020368 is divided by 166964?
12
Calculate the remainder when 107551011 is divided by 143.
139
What is the remainder when 31749654 is divided by 5?
4
What is the remainder when 2298556 is divided by 202?
200
What is the remainder when 103720184 is divided by 12?
8
Calculate the remainder when 4853321 is divided by 342.
341
Calculate the remainder when 74605 is divided by 454.
149
What is the remainder when 333985 is divided by 19641?
88
Calculate the remainder when 303929 is divided by 527.
377
What is the remainder when 283854 is divided by 69?
57
What is the remainder when 120035658 is divided by 16?
10
What is the remainder when 105663 is divided by 6228?
6015
What is the remainder when 3658435 is divided by 544?
35
What is the remainder when 1702738 is divided by 18?
10
What is the remainder when 185913126 is divided by 130?
126
What is the remainder when 843054 is divided by 84263?
424
Calculate the remainder when 1488788 is divided by 11747.
8666
Calculate the remainder when 421690 is divided by 672.
346
Calculate the remainder when 1959016 is divided by 369.
364
Calculate the remainder when 27761 is divided by 2428.
1053
Calculate the remainder when 121738 is divided by 11721.
4528
What is the remainder when 25310302 is divided by 41?
18
Calculate the remainder when 23346 is divided by 1364.
158
What is the remainder when 6003340 is divided by 104?
44
What is the remainder when 58764 is divided by 4872?
300
What is the remainder when 1004875 is divided by 2098?
2031
Calculate the remainder when 32195 is divided by 3070.
1495
What is the remainder when 61195 is divided by 889?
743
Calculate the remainder when 2506519 is divided by 2506470.
49
What is the remainder when 155267 is divided by 2425?
67
What is the remainder when 464111 is divided by 796?
43
Calculate the remainder when 1942502 is divided by 10223.
132
Calculate the remainder when 189505416 is divided by 3989.
3982
What is the remainder when 33301846 is divided by 79?
28
What is the remainder when 6484961 is divided by 215?
131
What is the remainder when 38265 is divided by 37794?
471
What is the remainder when 148563 is divided by 986?
663
Calculate the remainder when 2567742 is divided by 1283581.
580
What is the remainder when 56036 is divided by 132?
68
What is the remainder when 14540451 is divided by 19?
17
Calculate the remainder when 18003 is divided by 713.
178
Calculate the remainder when 210217 is divided by 104851.
515
Calculate the remainder when 2432433 is divided by 745.
8
What is the remainder when 363591 is divided by 550?
41
What is the remainder when 64607 is divided by 12818?
517
What is the remainder when 171581 is divided by 18044?
9185
What is the remainder when 53458696 is divided by 283?
279
Calculate the remainder when 393666574 is divided by 6.
4
Calculate the remainder when 7325766 is divided by 67.
53
What is the remainder when 6756764 is divided by 617?
614
Calculate the remainder when 2220884 is divided by 1109761.
1362
Calculate the remainder when 3576998 is divided by 292.
290
Calculate the remainder when 31149 is divided by 1437.
972
Calculate the remainder when 49571 is divided by 445.
176
What is the remainder when 144503 is divided by 139339?
5164
What is the remainder when 773748 is divided by 257760?
468
Calculate the remainder when 70503594 is divided by 1983.
12
What is the remainder when 7665463 is divided by 479091?
7
What is the remainder when 1644166 is divided by 327?
10
What is the remainder when 9872323 is divided by 332?
303
What is the remainder when 333087 is divided by 166472?
143
Calculate the remainder when 49194235 is divided by 14418.
19
Calculate the remainder when 4989127 is divided by 1242.
13
Calculate the remainder when 64798 is divided by 64637.
161
Calculate the remainder when 8852200 is divided by 23.
6
What is the remainder when 405652 is divided by 14487?
16
Calculate the remainder when 107005878 is divided by 14.
0
Calculate the remainder when 1324477 is divided by 73580.
37
What is the remainder when 29140722 is divided by 771?
6
Calculate the remainder when 474065512 is divided by 11.
8
Calculate the remainder when 49816024 is divided by 377.
375
What is the remainder when 143674 is divided by 1904?
874
Calculate the